the third derivative of p(x). Is n(-5) composite?
False
Let r = -3 - -3. Suppose 5*n + 10 = 0, -3*k - 4*n + 607 = -r*k. Is k prime?
False
Is 6854/3 + (-5)/(-15) composite?
True
Let h = -17 + 19. Suppose 0 = 2*k - 5 - 11. Suppose 3*o - 64 = -4*s + k*o, h*s - 2*o - 34 = 0. Is s a prime number?
False
Let l(k) = 4*k - 1. Let y be l(-1). Let j(s) = s**2 + s + 3. Is j(y) a composite number?
False
Suppose 2*n + 3*n = 325. Is n prime?
False
Suppose -1482 = -2*c + 428. Is c composite?
True
Suppose 4*a = -0*a - 132. Let m = 55 + a. Is m a prime number?
False
Let z(g) = g**3 - 14*g**2 + 12*g - 6. Let o be z(13). Is o/4*180/(-9) a composite number?
True
Let q(z) = 1937*z**2 - 3*z + 5. Is q(2) a prime number?
False
Let k = 97 + -18. Is k prime?
True
Let s = -14 - -28. Suppose -z - s + 93 = 0. Is z composite?
False
Let x(h) = 33*h**3 - 2*h**2 + 2*h - 1. Let i be x(1). Let c = i + 27. Is c prime?
True
Is (-3)/6 + (-1395)/(-10) a prime number?
True
Suppose b - 5*j = -8, 0 = 4*b + 3*j - 7 - 7. Suppose -5*v + 834 = 4*z, b*v = 5*z + 5*v - 1049. Is z a composite number?
False
Let w(i) = -i**2 - 3*i + 2. Let f be w(-2). Suppose -5*h = 2*t + 10, 2*t - 5*t = 15. Suppose h*j + f*j = 44. Is j a prime number?
True
Let q = 2 + -4. Let w be (q/(-6))/((-2)/(-18)). Is w*3/18*46 a prime number?
True
Is (-33)/(-44) + (-313)/(-4) a prime number?
True
Suppose -3*q - 1084 = -415. Let w = q + 354. Is w a composite number?
False
Let w = 13 + -13. Suppose -2*m - m + 2*u = -641, w = 5*m + 4*u - 1083. Is m a composite number?
True
Suppose o - 3*f = 6, -3*o - 3*f = -3 + 9. Suppose -2*s + 9 - 3 = o. Suppose -114 = -5*c + s*c + w, 0 = w + 4. Is c composite?
True
Let b(q) = -q**2 - 6*q + 10. Let x(s) = s**3 - 3*s - 5. Let t be x(-2). Is b(t) prime?
True
Let h be (0 + (-1 - 0))*43. Let v = 146 + h. Let a = v + -24. Is a a prime number?
True
Let r = -180 - -821. Is r composite?
False
Let n(o) = -1 + 2*o - 3 + 5 + 7*o**2. Is n(-1) a composite number?
True
Suppose -x + 2*x + 1 = 0. Let m = -3 - x. Is (m + -1)*(-20)/6 a prime number?
False
Let i be (-2)/(0 - -1)*1. Is i/3 - 118/(-6) a prime number?
True
Suppose -u - 20 = -6*j + 2*j, 0 = -3*u - 3*j + 15. Suppose u*i = i. Suppose -f - 2*o + 4*o + 57 = i, -5*f = 3*o - 259. Is f a composite number?
False
Let x(r) = -8*r - 4. Let y be x(7). Is (552/y)/(1/(-5)) prime?
False
Let h(x) = -8651*x. Let p(j) = 206*j. Let q(n) = 5*h(n) + 211*p(n). Is q(1) composite?
False
Let c(m) = 69*m**2. Let d be c(-2). Suppose -74 = -5*x + d. Is 1017/7 + (-20)/x a composite number?
True
Let p(r) = 13*r**2 + 1. Is p(2) a prime number?
True
Suppose 2*u - 5*u = -6. Suppose l - 2037 = -u*l. Is l a prime number?
False
Let s(l) = 9*l + 11. Let y(i) = -10*i - 10. Let d(q) = -3*s(q) - 4*y(q). Is d(16) composite?
True
Suppose -4*y + 5*y - 5*w = 54, -15 = -3*w. Is y a prime number?
True
Let t = -230 + 559. Is t prime?
False
Let h(z) = z**2 + 3*z - 7 + 2*z - 2*z. Is h(-9) a composite number?
False
Let f(g) = -85*g**2 + g + 20. Let t(i) = 28*i**2 - 7. Let u(h) = -4*f(h) - 11*t(h). Is u(-2) composite?
True
Let z(o) be the third derivative of -o**5/120 + o**4/8 - o**3/2 + 2*o**2. Let k(b) be the first derivative of z(b). Is k(0) a composite number?
False
Let h be 10/(-5)*(-2)/(-2). Let n be 1*0/(h/1). Is (2 + -5)*-5 + n a prime number?
False
Let n be 10/3 + 1/(-3). Suppose n = z - 232. Is z composite?
True
Let u(l) = l**2 + 6*l + 4. Let p be 6/4*12/(-3). Let r be u(p). Is (6/r)/(1/2) prime?
True
Let t(m) = -7*m**2 - 5*m - 10. Let j = -2 - -13. Let y(c) = 4*c**2 + 3*c + 5. Let x(k) = j*y(k) + 6*t(k). Is x(-4) a composite number?
True
Suppose 5*g + m = -0*g - 18, -4*g - 2*m - 18 = 0. Let i(z) = -86*z - 5. Is i(g) composite?
True
Let m(k) = 9*k**2 - 3*k. Let w(c) = 2*c. Let y be w(-2). Let n be m(y). Suppose -8*d + n = -4*d. Is d composite?
True
Let y = -691 - -996. Suppose 3*j = 4*m + y, -2*j = -j + m - 104. Is j composite?
False
Suppose 0 = 12*w + 7*w - 33497. Is w prime?
False
Let i = 3 - 0. Let h(l) = 1 + 1 - 23*l - l - i. Is h(-1) a prime number?
True
Let l(w) be the second derivative of w**4/12 + 2*w**3/3 - w**2 + w. Let u be l(-5). Is -2 + 265 + u + -1 composite?
True
Let a be ((-2)/3)/((-3)/(-9)). Let d = a - 1. Let v = 164 + d. Is v a composite number?
True
Suppose 16 = b - 3*r, -r + 14 - 34 = -4*b. Suppose -b*o = -o. Suppose -p + o*p + 72 = -5*c, 5*p - 2*c = 245. Is p composite?
False
Let m(j) = 2*j**3 - 3*j**2 - 9*j + 2. Is m(7) a composite number?
True
Suppose 3*x = 3*j + 126, 3*x + 54 = 4*x + 3*j. Suppose 3*t = -4*y + 70, 2*t + y - x + 5 = 0. Suppose -3*l - 12 = -3*c + c, l = -3*c + t. Is c composite?
True
Let g = -7 + 12. Suppose g*q - 1836 = 439. Suppose -3*i + i + 469 = 5*o, 5*o - q = 5*i. Is o composite?
True
Let l(v) = -v**3 - 5*v**2 + 5*v - 3. Let n be l(-6). Let d be (-1)/(-2 + n/2). Suppose 2*t = -d*t + 220. Is t composite?
True
Let i = 279 - -316. Suppose h - 6*h + i = 0. Is h a composite number?
True
Is -1 + (-21)/(-6)*32 a prime number?
False
Let d = -22 - -22. Suppose 0 = -r - 3*o + 206, 0*o - o + 4 = d. Is r a prime number?
False
Is 6297/6 + 3 + 5/2 composite?
True
Let f(z) be the second derivative of -6*z**3 - 7*z**2/2 - 4*z. Is f(-9) prime?
True
Is (-4602)/(-9) + (-3)/9 - 0 composite?
True
Is 78 + (-2)/8*-4 composite?
False
Suppose -4*n = -2*n - 304. Let v = -196 + 439. Suppose 0 = 5*r - n - v. Is r a prime number?
True
Let a be ((-1)/(-3))/((-5)/(-525)). Let p = a - 22. Is p a prime number?
True
Suppose 6*u = u + 5*l + 3345, -10 = 2*l. Let r = -292 - -471. Suppose -5*a - r = -u. Is a composite?
False
Is (-5 - -1) + 4405/(3 + 2) a prime number?
True
Suppose -6187 + 775 = -12*d. Is d a prime number?
False
Let a = 13 - 32. Let u = 13 + a. Let q = 20 + u. Is q a prime number?
False
Suppose 5*u - 66 = 109. Is u a composite number?
True
Is (2 + -1)/(5/415) a prime number?
True
Let m = 1319 + -900. Is m prime?
True
Let p be 2/4 - (-138)/12. Let b be (-3)/2*(-40)/p. Suppose 107 = 4*z + b*t, -26 = -z - 4*t + 3*t. Is z a prime number?
True
Let k(m) be the second derivative of -3*m**5/20 - m**4/3 - 2*m**3/3 - 3*m**2/2 - m. Let t be (-2)/1 + (4 - 4). Is k(t) prime?
True
Suppose 0 = -4*y - 6 - 10. Is y/(-26) - (-735)/39 a composite number?
False
Let k(a) = 26*a**3 + 3*a - 11. Is k(6) composite?
False
Let s = -76 - -138. Suppose 5*h = l + s, -2*l + 6 = h - 13. Suppose -a = -8 - h. Is a composite?
True
Let p(f) = f + 2. Let z be p(4). Suppose 4*l - z = l. Suppose -5*u + b - 4 + 31 = 0, 27 = l*u + 5*b. Is u prime?
False
Suppose 5*v = -0*v + 15. Suppose -16 = w - 4*l - 62, -v*l + 9 = 0. Is w a composite number?
True
Suppose 3*n - 74 = 25. Is n a composite number?
True
Let x = 10 + -6. Is 2 - x - (-129)/1 a prime number?
True
Let b = 1436 - 639. Is b composite?
False
Suppose 36 = 4*g + 3*z, -2*g = -2*z - 3*z + 8. Let p(n) = -2 + 24*n + 0 + 1. Is p(g) prime?
False
Let m = 195 + -89. Is m prime?
False
Let d be (20/6)/(2/12). Suppose -2*b + d = 4*y, -2*b - y - 2*y + 15 = 0. Suppose b*c - 83 = -c. Is c a prime number?
True
Suppose 0 = -2*f - 4*i + 2406, 5*f - 4*i - 6461 = -502. Is f prime?
False
Suppose -20*q + 2529 = -17*q. Is q a composite number?
True
Suppose 4*i + 4*c - 1160 = 0, 0*i - 3*c = -3*i + 900. Is i a prime number?
False
Suppose -a + 34 = -81. Is a a prime number?
False
Let w be ((-33)/(-2))/(12/128). Let b = w - 111. Is b prime?
False
Let z(q) be the first derivative of -q**4/4 + 8*q**3/3 - 3*q**2 - q + 1. Let h be (4 - 13)*4/(-6). Is z(h) a composite number?
True
Let n be -2 - -2 - 30/(-3). Let b(q) = 19*q - 5. Let i be b(n). Suppose -7*g = -2*g - i. Is g a prime number?
True
Suppose -6*x = -x + 15. Is x*(-1)/((-6)/(-1010)) a composite number?
True
Suppose -3*g - 10 = 14. Let a be (-4)/g - 30/(-4). Suppose -3*j = -a*j + 170. Is j prime?
False
Let l(n) = -4*n - 5. Suppose 11 = 5*d - 9. Suppose d*c = c - 21. Is l(c) a composite number?
False
Let c(f) = f**3 + 5*f**2 + 5*f + 6. Let i be c(-4). Let n(q) = 2*q + 1. Let p be n(i). Suppose p*o - 106 = -3*a, 0 = -a + 5*a + 5*o - 143. Is a prime?
True
Suppose 0 = 3*m + 4*q + 158, -27 + 79 = -m - 2*q. Let a = m + 106. Suppose -2*k = 2*k - a. Is k a composite number?
False
Let o be (-4)/8*(1 - 1). Suppose 2*k + 8 = 0, -4*b - 3*k + 264 = -o*b. Is b composite?
True
Let b be -2 + (1 + 21)*9. Let f = -4 - -4. Suppose -4*